{"id":59,"date":"2022-07-26T05:53:56","date_gmt":"2022-07-26T05:53:56","guid":{"rendered":"https:\/\/weberei-schwaibold.de\/?page_id=59"},"modified":"2022-08-31T14:28:15","modified_gmt":"2022-08-31T14:28:15","slug":"unternehmen","status":"publish","type":"page","link":"https:\/\/weberei-schwaibold.de\/index.php\/unternehmen\/","title":{"rendered":"Unternehmen"},"content":{"rendered":"<p>[et_pb_section fb_built=&#8220;1&#8243; fullwidth=&#8220;on&#8220; admin_label=&#8220;Header Section&#8220; _builder_version=&#8220;4.16&#8243; _module_preset=&#8220;default&#8220; background_color=&#8220;#dadde2&#8243; global_colors_info=&#8220;{}&#8220;][et_pb_fullwidth_header title=&#8220;Gewebe auf h\u00f6chstem Niveau.&#8220; subhead=&#8220;Tradition am Puls der Zeit.&#8220; text_orientation=&#8220;center&#8220; header_scroll_down=&#8220;on&#8220; background_overlay_color=&#8220;RGBA(255,255,255,0)&#8220; _builder_version=&#8220;4.17.6&#8243; _module_preset=&#8220;default&#8220; title_font=&#8220;Oswald|500||on|||||&#8220; title_text_color=&#8220;#FFFFFF&#8220; title_font_size=&#8220;6vw&#8220; title_letter_spacing=&#8220;5px&#8220; title_line_height=&#8220;1.4em&#8220; content_font=&#8220;||||||||&#8220; content_text_color=&#8220;#FFFFFF&#8220; subhead_font=&#8220;Oswald|||on|||||&#8220; subhead_text_color=&#8220;#FFFFFF&#8220; subhead_font_size=&#8220;24px&#8220; subhead_letter_spacing=&#8220;4px&#8220; subhead_line_height=&#8220;1.4em&#8220; background_color=&#8220;rgba(0,0,0,0.37)&#8220; background_image=&#8220;https:\/\/weberei-schwaibold.de\/wp-content\/uploads\/2022\/07\/weberei_weben_gewebe_fokus.jpg&#8220; background_position=&#8220;bottom_center&#8220; background_blend=&#8220;overlay&#8220; custom_padding=&#8220;10%||30%|&#8220; animation_direction=&#8220;bottom&#8220; title_text_shadow_style=&#8220;preset1&#8243; title_text_shadow_blur_strength=&#8220;0.25em&#8220; title_text_shadow_color=&#8220;rgba(12,12,12,0.15)&#8220; global_colors_info=&#8220;{}&#8220; button_one_text_size__hover_enabled=&#8220;off&#8220; button_two_text_size__hover_enabled=&#8220;off&#8220; button_one_text_color__hover_enabled=&#8220;off&#8220; button_two_text_color__hover_enabled=&#8220;off&#8220; button_one_border_width__hover_enabled=&#8220;off&#8220; button_two_border_width__hover_enabled=&#8220;off&#8220; button_one_border_color__hover_enabled=&#8220;off&#8220; button_two_border_color__hover_enabled=&#8220;off&#8220; button_one_border_radius__hover_enabled=&#8220;off&#8220; button_two_border_radius__hover_enabled=&#8220;off&#8220; button_one_letter_spacing__hover_enabled=&#8220;off&#8220; button_two_letter_spacing__hover_enabled=&#8220;off&#8220; button_one_bg_color__hover_enabled=&#8220;off&#8220; button_two_bg_color__hover_enabled=&#8220;off&#8220;][\/et_pb_fullwidth_header][\/et_pb_section][et_pb_section fb_built=&#8220;1&#8243; admin_label=&#8220;Intro Section&#8220; _builder_version=&#8220;4.16&#8243; _module_preset=&#8220;default&#8220; custom_padding=&#8220;60px|0px|60px|0px&#8220; global_colors_info=&#8220;{}&#8220;][et_pb_row column_structure=&#8220;1_2,1_2&#8243; admin_label=&#8220;Intro Row&#8220; _builder_version=&#8220;4.16&#8243; _module_preset=&#8220;default&#8220; global_colors_info=&#8220;{}&#8220;][et_pb_column type=&#8220;1_2&#8243; _builder_version=&#8220;4.16&#8243; _module_preset=&#8220;default&#8220; custom_padding=&#8220;|||&#8220; global_colors_info=&#8220;{}&#8220; custom_padding__hover=&#8220;|||&#8220;][et_pb_text admin_label=&#8220;Tittle &#038; Paragraph&#8220; _builder_version=&#8220;4.17.6&#8243; _module_preset=&#8220;default&#8220; text_font=&#8220;Open Sans|600|||||||&#8220; text_font_size=&#8220;16px&#8220; text_line_height=&#8220;1.8em&#8220; header_font=&#8220;||||||||&#8220; header_2_font=&#8220;Oswald|||on|||||&#8220; header_2_font_size=&#8220;45px&#8220; header_2_letter_spacing=&#8220;3px&#8220; header_2_line_height=&#8220;1.4em&#8220; module_alignment=&#8220;center&#8220; custom_margin=&#8220;40px|||&#8220; custom_margin_tablet=&#8220;0px|||&#8220; custom_margin_phone=&#8220;|||&#8220; custom_margin_last_edited=&#8220;on|phone&#8220; hover_enabled=&#8220;0&#8243; global_colors_info=&#8220;{}&#8220; sticky_enabled=&#8220;0&#8243;]<\/p>\n<h2>Weberei in der vierten Generation<\/h2>\n<p>Am Albrand begann es mit einer kleinen Werkstatt im eigenen Wohnhaus von Johannes und Hildegard Schwaibold im Jahre 1947.\u00a0Sie produzierten auf zwei Handwebst\u00fchlen grobe Bezugsstoffe.<\/p>\n<p>1951 setzten sie den Grundstein f\u00fcr das heutige Unternehmen durch einen Neubau in der Hauptstra\u00dfe 102 in Frittlingen.<\/p>\n<p>Im Laufe der vergangenen Jahrzehnte ist die Weberei Schwaibold \u2013 mittlerweile vertreten in der 4. Generation \u2013 durch Flexibilit\u00e4t und Leistungsf\u00e4higkeit f\u00fcr ihre Kunden zu einem verl\u00e4sslichen Partner in der Welt der technischen Gewebe geworden \u2013 produziert wird am Standort in S\u00fcddeutschland.<br \/>Verschiedene Garne und Monofile sind im t\u00e4glichen Einsatz. In den Breiten von 40 bis 530 cm k\u00f6nnen diese qualitativ anspruchsvoll verarbeitet werden. Die Schussdichten bewegen sich je nach Artikel zwischen zwei und 35 pro Zentimeter.<\/p>\n<p>Trotz der Stagnation in der Textilbranche in den letzten Jahren konnte sich die Weberei Schwaibold durch die Herstellung von Nischenprodukten mit einem gesunden Wachstum behaupten.<br \/>Als Zulieferer f\u00fcr namhafte Chemie- und Industrieunternehmen bietet die Weberei ein hohes Ma\u00df an Qualit\u00e4t und Produktionssicherheit am deutschen Standort. Dabei wird die Herstellung speziell auf die W\u00fcnsche und Produkte der Kunden abgestimmt und f\u00fcr sie optimiert.<\/p>\n<p><strong>Nachhaltige Produktion!\u00a0<\/strong><\/p>\n<p>Mit unserer\u00a0Photovoltaikanlage produzieren wir mehr Strom als unser gesamter Betrieb ben\u00f6tigt.<\/p>\n<p>&nbsp;<\/p>\n<p><strong>Die Familien-Generationen<\/strong><\/p>\n<p>1947 bis 1973<br \/>Johannes und Ehefrau Hildegard Schwaibold<\/p>\n<p>1973 bis 2006<br \/>Sohn Reinhold und Ehefrau Herdith Schwaibold<\/p>\n<p>ab 2006<br \/>Uwe Schwaibold\u00a0<\/p>\n<p>&nbsp;<\/p>\n<p>[\/et_pb_text][\/et_pb_column][et_pb_column type=&#8220;1_2&#8243; _builder_version=&#8220;4.16&#8243; _module_preset=&#8220;default&#8220; custom_padding=&#8220;|||&#8220; global_colors_info=&#8220;{}&#8220; custom_padding__hover=&#8220;|||&#8220;][et_pb_image src=&#8220;https:\/\/weberei-schwaibold.de\/wp-content\/uploads\/2022\/07\/9.jpg&#8220; title_text=&#8220;9&#8243; align_tablet=&#8220;center&#8220; align_phone=&#8220;center&#8220; align_last_edited=&#8220;on|desktop&#8220; admin_label=&#8220;Intro Image&#8220; _builder_version=&#8220;4.17.4&#8243; _module_preset=&#8220;default&#8220; global_colors_info=&#8220;{}&#8220;][\/et_pb_image][et_pb_image src=&#8220;https:\/\/weberei-schwaibold.de\/wp-content\/uploads\/2022\/07\/4-1.jpg&#8220; title_text=&#8220;4-1&#8243; _builder_version=&#8220;4.17.4&#8243; _module_preset=&#8220;default&#8220; global_colors_info=&#8220;{}&#8220;][\/et_pb_image][et_pb_image src=&#8220;https:\/\/weberei-schwaibold.de\/wp-content\/uploads\/2022\/08\/photovoltaik.jpg&#8220; title_text=&#8220;photovoltaik&#8220; _builder_version=&#8220;4.17.6&#8243; _module_preset=&#8220;default&#8220; global_colors_info=&#8220;{}&#8220;][\/et_pb_image][et_pb_image src=&#8220;https:\/\/weberei-schwaibold.de\/wp-content\/uploads\/2022\/08\/reinhold_schwaibold.jpg&#8220; _builder_version=&#8220;4.17.6&#8243; _module_preset=&#8220;default&#8220; title_text=&#8220;reinhold_schwaibold&#8220; hover_enabled=&#8220;0&#8243; sticky_enabled=&#8220;0&#8243;][\/et_pb_image][\/et_pb_column][\/et_pb_row][\/et_pb_section][et_pb_section fb_built=&#8220;1&#8243; _builder_version=&#8220;4.17.4&#8243; _module_preset=&#8220;default&#8220; background_image=&#8220;https:\/\/weberei-schwaibold.de\/wp-content\/uploads\/2022\/07\/baumwolle.jpg&#8220; parallax=&#8220;on&#8220; custom_padding=&#8220;20%|0px|20%|0px&#8220; global_colors_info=&#8220;{}&#8220;][et_pb_row _builder_version=&#8220;4.16&#8243; _module_preset=&#8220;default&#8220; background_color=&#8220;rgba(255,255,255,0.86)&#8220; custom_padding=&#8220;80px|40px|80px|40px&#8220; animation_style=&#8220;zoom&#8220; animation_intensity_zoom=&#8220;10%&#8220; global_colors_info=&#8220;{}&#8220;][et_pb_column type=&#8220;4_4&#8243; _builder_version=&#8220;4.16&#8243; _module_preset=&#8220;default&#8220; custom_padding=&#8220;|||&#8220; global_colors_info=&#8220;{}&#8220; custom_padding__hover=&#8220;|||&#8220;][et_pb_cta title=&#8220;Nat\u00fcrlich. Kontrolliert.&#8220; button_url=&#8220;#top&#8220; admin_label=&#8220;Tittle, Paragraph &#038; Call To Action&#8220; _builder_version=&#8220;4.17.4&#8243; _module_preset=&#8220;default&#8220; header_font=&#8220;Oswald|||on|||||&#8220; header_font_size=&#8220;45px&#8220; header_letter_spacing=&#8220;3px&#8220; header_line_height=&#8220;1.4em&#8220; body_font=&#8220;Open Sans|600|||||||&#8220; body_font_size=&#8220;16px&#8220; body_line_height=&#8220;1.8em&#8220; use_background_color=&#8220;off&#8220; custom_button=&#8220;on&#8220; button_text_size=&#8220;14px&#8220; button_text_color=&#8220;#ffffff&#8220; button_bg_color=&#8220;#000000&#8243; button_border_width=&#8220;10px&#8220; button_border_color=&#8220;rgba(0,0,0,0)&#8220; button_border_radius=&#8220;30px&#8220; button_letter_spacing=&#8220;2px&#8220; button_font=&#8220;Open Sans|700||on|||||&#8220; button_use_icon=&#8220;off&#8220; background_layout=&#8220;light&#8220; max_width=&#8220;600px&#8220; module_alignment=&#8220;center&#8220; custom_margin=&#8220;50px|||&#8220; custom_margin_tablet=&#8220;0px|||&#8220; custom_margin_phone=&#8220;&#8220; custom_margin_last_edited=&#8220;on|tablet&#8220; button_text_color_hover=&#8220;#ffffff&#8220; button_border_color_hover=&#8220;rgba(0,0,0,0)&#8220; button_border_radius_hover=&#8220;28px&#8220; button_letter_spacing_hover=&#8220;2px&#8220; button_bg_color_hover=&#8220;rgba(0,0,0,0.7)&#8220; locked=&#8220;off&#8220; global_colors_info=&#8220;{}&#8220; button_text_size__hover_enabled=&#8220;off&#8220; button_one_text_size__hover_enabled=&#8220;off&#8220; button_two_text_size__hover_enabled=&#8220;off&#8220; button_text_color__hover_enabled=&#8220;on&#8220; button_text_color__hover=&#8220;#ffffff&#8220; button_one_text_color__hover_enabled=&#8220;off&#8220; button_two_text_color__hover_enabled=&#8220;off&#8220; button_border_width__hover_enabled=&#8220;off&#8220; button_one_border_width__hover_enabled=&#8220;off&#8220; button_two_border_width__hover_enabled=&#8220;off&#8220; button_border_color__hover_enabled=&#8220;on&#8220; button_border_color__hover=&#8220;rgba(0,0,0,0)&#8220; button_one_border_color__hover_enabled=&#8220;off&#8220; button_two_border_color__hover_enabled=&#8220;off&#8220; button_border_radius__hover_enabled=&#8220;on&#8220; button_border_radius__hover=&#8220;28px&#8220; button_one_border_radius__hover_enabled=&#8220;off&#8220; button_two_border_radius__hover_enabled=&#8220;off&#8220; button_letter_spacing__hover_enabled=&#8220;on&#8220; button_letter_spacing__hover=&#8220;2px&#8220; button_one_letter_spacing__hover_enabled=&#8220;off&#8220; button_two_letter_spacing__hover_enabled=&#8220;off&#8220; button_bg_color__hover_enabled=&#8220;on&#8220; button_bg_color__hover=&#8220;rgba(0,0,0,0.7)&#8220; button_one_bg_color__hover_enabled=&#8220;off&#8220; button_two_bg_color__hover_enabled=&#8220;off&#8220;]<\/p>\n<p>&#8222;Stark vertreten sind wir auch in der Verarbeitung von kontrolliert biologisch angebauter Baumwolle (kba).&#8220;<\/p>\n<p>&nbsp;<\/p>\n<p>UWE SCHWAIBOLD \u2013 Gesch\u00e4ftsf\u00fchrer<\/p>\n<p>[\/et_pb_cta][\/et_pb_column][\/et_pb_row][\/et_pb_section]<\/p>\n","protected":false},"excerpt":{"rendered":"<p>Weberei in der vierten Generation Am Albrand begann es mit einer kleinen Werkstatt im eigenen Wohnhaus von Johannes und Hildegard Schwaibold im Jahre 1947.\u00a0Sie produzierten auf zwei Handwebst\u00fchlen grobe Bezugsstoffe. 1951 setzten sie den Grundstein f\u00fcr das heutige Unternehmen durch einen Neubau in der Hauptstra\u00dfe 102 in Frittlingen. Im Laufe der vergangenen Jahrzehnte ist die [&hellip;]<\/p>\n","protected":false},"author":4,"featured_media":0,"parent":0,"menu_order":0,"comment_status":"closed","ping_status":"closed","template":"","meta":{"_et_pb_use_builder":"on","_et_pb_old_content":"<!-- wp:divi\/placeholder \/-->","_et_gb_content_width":"","footnotes":""},"class_list":["post-59","page","type-page","status-publish","hentry"],"_links":{"self":[{"href":"https:\/\/weberei-schwaibold.de\/index.php\/wp-json\/wp\/v2\/pages\/59","targetHints":{"allow":["GET"]}}],"collection":[{"href":"https:\/\/weberei-schwaibold.de\/index.php\/wp-json\/wp\/v2\/pages"}],"about":[{"href":"https:\/\/weberei-schwaibold.de\/index.php\/wp-json\/wp\/v2\/types\/page"}],"author":[{"embeddable":true,"href":"https:\/\/weberei-schwaibold.de\/index.php\/wp-json\/wp\/v2\/users\/4"}],"replies":[{"embeddable":true,"href":"https:\/\/weberei-schwaibold.de\/index.php\/wp-json\/wp\/v2\/comments?post=59"}],"version-history":[{"count":20,"href":"https:\/\/weberei-schwaibold.de\/index.php\/wp-json\/wp\/v2\/pages\/59\/revisions"}],"predecessor-version":[{"id":229,"href":"https:\/\/weberei-schwaibold.de\/index.php\/wp-json\/wp\/v2\/pages\/59\/revisions\/229"}],"wp:attachment":[{"href":"https:\/\/weberei-schwaibold.de\/index.php\/wp-json\/wp\/v2\/media?parent=59"}],"curies":[{"name":"wp","href":"https:\/\/api.w.org\/{rel}","templated":true}]}}